 is divided by o?
10
Calculate the remainder when 24 is divided by (-220)/(-24) + 2/(-12).
6
Suppose 9*a = 4*a + 395. Calculate the remainder when a is divided by 27.
25
Let a = 50 + -25. Calculate the remainder when a is divided by 13.
12
Let v(l) be the first derivative of -l**3/3 + 61*l + 6. Let z be (1 + 1 + -1)*0. Calculate the remainder when v(z) is divided by 21.
19
Suppose y - 4 = 0, -4*i - 4*y = -3*i - 30. What is the remainder when i is divided by 8?
6
What is the remainder when 118 is divided by 1/((2*1/(-20))/(-2))?
18
Let l be 1 + ((-24)/2)/(-3). Suppose -l - 3 = -4*c. What is the remainder when 13 is divided by 10/8*c*2?
3
Let q = 11 - 15. What is the remainder when (-3 - q) + (-10)/(-2) is divided by 2?
0
What is the remainder when 102 is divided by 186/14 + (-3)/(21/2)?
11
Suppose 4*q - 6 = q. Suppose 5*w - q = 3, -5*w + 80 = 3*o. What is the remainder when (-2)/(-3)*(-219)/(-2) is divided by o?
23
Suppose -4*x - h = -6, -h + 6*h = -5*x. Suppose -3*j - x*j + 105 = 0. What is the remainder when j is divided by 11?
10
Suppose -3*g = x - 344, -5*x = 3*g - 3*x - 346. Suppose 0 = -4*f - 9*k + 4*k + 93, -4*k + g = 5*f. Calculate the remainder when f is divided by 8.
6
Suppose -2*f + 30 = 4*h, -39 = -5*h - 5*f + 11. Suppose -h*v + 4*b = -416 + 147, -58 = -v + 5*b. What is the remainder when v is divided by 18?
17
Suppose 0 = -0*h + h - 16. Calculate the remainder when 43 is divided by h.
11
Let c = 3 + 2. Suppose 39 = c*p - 36. Suppose -10 = -r + h, 4*r = h + 2*h + 38. What is the remainder when p is divided by r?
7
Suppose 0*j - 5*j + 15 = 0. Calculate the remainder when (-1 - -27*j) + -2 is divided by 20.
18
Suppose p = 5*p - 28. What is the remainder when 12 is divided by p?
5
Let q(h) = -3*h + 5. Let g be q(-15). Let p = -24 + g. Suppose -4*c + 26 = -2*t, -5*c + 5*t + 17 = -3. Calculate the remainder when p is divided by c.
8
Suppose 0 = 2*l - 21 + 1. Let v be 2/(-9) + (-64)/36. What is the remainder when (-39)/(v - (-2 - -1)) is divided by l?
9
Let j be ((-6)/4)/(3/(-4)). Suppose -2*m - 87 = -3*v, j*m - 80 - 19 = -3*v. Let i = 23 - 12. Calculate the remainder when v is divided by i.
9
Suppose -2*c + 2*y + 12 = 0, -5*c + 31 = 5*y - 29. What is the remainder when 26 is divided by c?
8
Suppose g + 0*g - 4 = 0. Suppose -90 + 33 = -3*u + g*s, 3*s - 66 = -5*u. Suppose -u = -m - 2. What is the remainder when 24 is divided by m?
11
Suppose -b - 2*b = -3*l - 129, 2*b = -3*l + 106. Let y = -11 + b. What is the remainder when y is divided by 13?
10
Suppose t + 2 = 7, t + 11 = q. Calculate the remainder when 30 is divided by q.
14
Let g = 9 + -2. Calculate the remainder when 12 is divided by g.
5
Suppose 0*a - 5 = 5*a. What is the remainder when 29 is divided by (-10)/a - (-3 + 3)?
9
Let s = 7 + 13. Suppose s = 2*o + 2*o. Suppose 0 = -o*n - 33 + 83. What is the remainder when 18 is divided by n?
8
Let k = 95 + -57. Let j be 3 + k/(2/1). Calculate the remainder when (-2)/(0 - 4/j) is divided by 6.
5
Let m(f) = 20*f + 1. Let j be m(1). Suppose -j = -4*p + 27. What is the remainder when 35 is divided by p?
11
Let l(t) = t**3 - 9*t**2 - 8*t - 14. Suppose -5*n + 4*f = -16 - 16, -2*f - 2 = n. Calculate the remainder when l(10) is divided by n.
2
Suppose -y + 40 = -14. Calculate the remainder when y is divided by 14.
12
Suppose -2*i + 5*u = -126, -i - u - 17 = -80. What is the remainder when i is divided by 16?
15
Suppose -1 = 2*a - 7. Let m = 0 - a. Calculate the remainder when 47 is divided by (-16)/m*(0 - -3).
15
Suppose -119 = 4*j + 5*r, -2*j - 2*j + 3*r = 127. Let w = -18 - j. Suppose -n = -3*f + 59, f + 6*n - 3*n = w. What is the remainder when f is divided by 7?
5
Suppose d - s = -0*d + 18, d + 3*s = 26. Suppose 0 = -o - o + d. Calculate the remainder when 58 is divided by o.
8
What is the remainder when 81 is divided by (-3)/((-3)/21 + 0)?
18
Let x(w) = w. Suppose -5*m - 17 = -v - 0*v, 4*v - 14 = 2*m. Let z = -2 + 3. Calculate the remainder when x(v) is divided by z.
0
Suppose -10 + 55 = 5*l. What is the remainder when 17 is divided by l?
8
Suppose c - 5*j = 6, -2*c + 3*c = j + 10. Suppose -3*y + 49 = -14. What is the remainder when y is divided by c?
10
Suppose -4*p - 4*f - f - 133 = 0, 0 = 4*p - 5*f + 163. Let k = -14 - p. What is the remainder when k is divided by 12?
11
Let v(z) = -z**3 + 3*z**2 + 3. Let i be -3 - -3 - -1*3. Let g be v(i). Suppose -g*u + 9 = -12. What is the remainder when 13 is divided by u?
6
Suppose -q = 4*j + 1, 42 = -3*q + 5*q - 3*j. What is the remainder when 56 is divided by q?
11
Suppose 3*l = l + 2*k, -4*k = 5*l - 27. Suppose l*o = -4*r + 99, 0 = r + 3. What is the remainder when o is divided by 10?
7
Let q = 24 + -26. Let o(y) = y**2 + y - 1. Let g be o(1). What is the remainder when 1*(q + g) + 9 is divided by 3?
2
Suppose -22 = -5*y + 3. Suppose -25 = -f - 5*u - 0*u, 50 = 2*f + y*u. Calculate the remainder when f is divided by 7.
4
What is the remainder when 33 is divided by (-24)/40 - 132/(-20)?
3
Suppose -3*c = 3*g - 0*c - 3, 0 = 5*g + 3*c - 15. Calculate the remainder when 21 is divided by g.
3
Suppose -g = -5*g + 56. Let k = 4 + -2. Suppose l = -j + k*l + 41, l + 82 = 2*j. Calculate the remainder when j is divided by g.
13
Let h(f) = 2*f**2 + 4*f - 8. Let y be h(-6). Let c = -28 + y. Calculate the remainder when 20 + -1 + 1 + 3 is divided by c.
11
Let h(i) = -i**3 + 7*i**2 - 5*i - 12. What is the remainder when h(5) is divided by 3?
1
Let l = -36 - 26. Let o = -42 - l. Suppose -5*u = -3*g - o, -6*g + g = 0. Calculate the remainder when 10 is divided by u.
2
Suppose 5*h + 3*z = 59, -3*z + 9 - 2 = h. What is the remainder when h is divided by 4?
1
What is the remainder when 73 is divided by (40/(-6))/(((-6)/18)/1)?
13
Let w = -64 + 92. Suppose 5*x = -4*a + 71, 4*x + x + 5*a = 70. Calculate the remainder when w is divided by x.
13
Let y be (-138)/8 + 7/28. Let h = y + 26. Let c(k) = k**3 + 5. What is the remainder when h is divided by c(0)?
4
Suppose -4*i = -5*w - 0*i + 23, 2 = -2*w - 4*i. What is the remainder when (w/(-6))/((-2)/60) is divided by 8?
7
Suppose -79 = -2*i + 51. Suppose 0*x = -x - 5*c + 32, -4*x - 2*c = -92. What is the remainder when i is divided by x?
21
Let l(b) = -b**3 + 5*b**2 - 3*b + 3. Suppose -2*s - 7 - 95 = 0. Calculate the remainder when (2/(-6))/(1/s) is divided by l(2).
8
Let x(w) = 9*w**3 + 2*w**2 - 3*w - 2. Calculate the remainder when x(2) is divided by 25.
22
Suppose 3*t - 8 = 2*p - 57, 5*p = -2*t + 75. Let v = -41 - -74. What is the remainder when v is divided by p?
16
Let w = -3 + 6. Let y(v) = -2*v - 19. Calculate the remainder when y(-17) is divided by 46/6 - w/(-9).
7
Suppose -4*t + 14 + 2 = 0. Calculate the remainder when 21 is divided by t.
1
Suppose w + k = 25, -2*k = -3*w - 0*w + 55. Let t = 38 - w. What is the remainder when 33 is divided by t?
16
Suppose -4*a - 3 = -115. What is the remainder when a is divided by 6?
4
Let w = 76 - 27. Suppose -2*z + 28 = -2*x, -3*x - 79 = -5*z - x. Calculate the remainder when w is divided by z.
15
Suppose -91 = -5*p + 4*m - 16, -2*m + 1 = p. What is the remainder when p is divided by 3?
2
Suppose 1 - 2 = -y. Let h be (y - 6)*(-4 + 3). Suppose 2*c + r + 0*r - 16 = 0, -r = h*c - 46. What is the remainder when 19 is divided by c?
9
What is the remainder when 317 is divided by 5/(-15)*0 + 32?
29
Suppose 0 = 2*p + g - 4*g - 45, 4*g = 3*p - 70. Calculate the remainder when p is divided by 11.
8
Let l = -1 + 1. Suppose 57 = 3*r - l. What is the remainder when r is divided by 7?
5
Let z = 22 + 15. What is the remainder when 71 is divided by z?
34
Let h(b) = 13*b**2 + b + 1. Let k be (-5)/(2 + (-17)/8). Let d = k - 2. Calculate the remainder when d is divided by h(-1).
12
Suppose 14 = 2*s - 2*z, 0 = 3*s - 7*s - z + 23. What is the remainder when 27 is divided by s?
3
Let m be (-46)/4 + (-12)/(-8). Let i = -7 - m. Suppose i*q - 1 = 2*u, -u - 4 = -q - 4*q. What is the remainder when q is divided by 1?
0
Suppose 2*v + 5 = -j + 13, -4*j = 2*v - 62. Calculate the remainder when 53 is divided by j.
17
Suppose 2*s + s + 3*i - 108 = 0, -5*s + 168 = 2*i. What is the remainder when s is divided by 17?
15
Let v be (8/(-28))/((-1)/7). Suppose -v*w + 31 + 103 = 0. Calculate the remainder when w is divided by 23.
21
Let t(w) = 2*w + 42. What is the